ctor of 1347350 and 100?
50
What is the greatest common divisor of 74 and 4921?
37
Calculate the highest common divisor of 679 and 291.
97
Calculate the greatest common factor of 287 and 2219.
7
What is the highest common divisor of 141 and 1152?
3
What is the greatest common divisor of 3627 and 117?
117
Calculate the greatest common divisor of 701225 and 6475.
175
Calculate the highest common divisor of 31297 and 595.
119
Calculate the greatest common factor of 8541 and 120523.
949
Calculate the greatest common divisor of 1447008 and 32.
32
What is the greatest common factor of 68655 and 96714?
597
What is the highest common divisor of 221 and 286535?
17
Calculate the highest common factor of 506376 and 520.
104
Calculate the greatest common factor of 3 and 5943.
3
What is the greatest common factor of 60180 and 1475?
295
Calculate the greatest common divisor of 23 and 680225.
23
What is the highest common factor of 64 and 99112?
8
Calculate the greatest common factor of 50545 and 55.
55
Calculate the highest common factor of 43098 and 198.
66
Calculate the greatest common factor of 504 and 290808.
504
What is the highest common factor of 4590 and 1035?
45
What is the highest common factor of 294392 and 2352?
392
Calculate the greatest common divisor of 1505 and 8540.
35
Calculate the highest common divisor of 1572 and 4138028.
524
What is the highest common divisor of 6246 and 153?
9
What is the greatest common factor of 186 and 85746?
186
What is the highest common factor of 7194980 and 104?
52
Calculate the highest common factor of 34 and 1078888.
34
Calculate the highest common divisor of 4939 and 143.
11
Calculate the highest common factor of 64 and 11278.
2
What is the greatest common factor of 95 and 374015?
95
Calculate the greatest common divisor of 88 and 13607.
11
What is the greatest common divisor of 1696 and 10494?
106
Calculate the greatest common factor of 88635 and 380.
95
Calculate the greatest common factor of 144164 and 276.
92
Calculate the highest common factor of 370249 and 8536.
1067
Calculate the greatest common factor of 65 and 7553.
13
What is the greatest common factor of 214797 and 21?
3
Calculate the highest common divisor of 5949 and 807.
3
Calculate the greatest common factor of 176447 and 303.
101
What is the greatest common divisor of 26009 and 620?
31
Calculate the highest common factor of 112 and 18712.
8
Calculate the highest common divisor of 2272 and 4331.
71
Calculate the highest common divisor of 6002784 and 16.
16
Calculate the greatest common divisor of 14 and 424151.
7
What is the greatest common divisor of 3960 and 2222?
22
What is the greatest common divisor of 490521 and 138?
69
Calculate the greatest common factor of 90 and 3467880.
90
What is the greatest common divisor of 46029 and 17889?
201
Calculate the greatest common divisor of 24 and 138272.
8
What is the greatest common divisor of 532 and 236362?
14
Calculate the highest common factor of 9538 and 45180.
502
What is the highest common factor of 10 and 2543360?
10
What is the greatest common divisor of 21087 and 594?
297
What is the greatest common divisor of 2268 and 51933?
21
Calculate the greatest common factor of 45060 and 2265.
15
What is the highest common factor of 486122 and 182?
182
What is the greatest common factor of 320 and 120960?
320
What is the highest common divisor of 435 and 673844?
29
Calculate the highest common divisor of 7409 and 2151.
239
What is the greatest common factor of 805 and 74242?
7
Calculate the highest common divisor of 245117 and 496.
31
What is the highest common divisor of 65959 and 994?
71
What is the highest common factor of 450932 and 1264?
316
Calculate the greatest common factor of 322785 and 30.
15
What is the greatest common divisor of 12453 and 14?
7
What is the greatest common factor of 168 and 14652624?
168
What is the highest common divisor of 41401 and 19?
19
What is the greatest common factor of 4 and 79468?
4
Calculate the greatest common divisor of 2 and 16357.
1
What is the highest common factor of 16320 and 4480?
320
What is the highest common factor of 8241 and 9?
3
Calculate the greatest common factor of 13667 and 519.
173
Calculate the greatest common divisor of 386550 and 84.
6
What is the highest common factor of 207 and 217719?
9
What is the greatest common factor of 412539 and 51?
51
Calculate the highest common divisor of 111442 and 2.
2
What is the greatest common divisor of 21822 and 6?
6
Calculate the greatest common divisor of 3741 and 1856.
29
What is the greatest common factor of 6828887 and 13?
13
Calculate the greatest common factor of 18 and 8124.
6
What is the greatest common divisor of 143 and 37973?
13
What is the greatest common factor of 761127 and 37?
37
What is the highest common divisor of 141744 and 10?
2
Calculate the highest common factor of 11077 and 1441.
11
Calculate the greatest common factor of 2583 and 231.
21
Calculate the greatest common divisor of 8418 and 4026.
366
What is the greatest common factor of 1764 and 16856?
196
What is the greatest common factor of 10386 and 15804?
18
Calculate the greatest common factor of 7334571 and 633.
633
Calculate the highest common divisor of 14003 and 22781.
209
Calculate the highest common factor of 33400 and 1000.
200
Calculate the highest common factor of 972 and 47142.
486
What is the highest common factor of 7859 and 19981?
29
Calculate the highest common factor of 676 and 152438.
338
What is the highest common divisor of 287459 and 50278?
1093
Calculate the greatest common factor of 53715 and 150.
15
What is the highest common divisor of 266 and 2338?
14
What is the highest common factor of 625 and 1047250?
125
What is the greatest common divisor of 52740 and 3960?
180
What is the greatest common divisor of 53794 and 2132?
26
What is the highest common factor of 43368 and 7800?
312
What is the greatest common factor of 4685 and 211762?
937
What is the greatest common divisor of 54511 and 38?
19
Calculate the highest common divisor of 841 and 4350.
29
What is the highest common divisor of 108116 and 11476?
604
Calculate the highest common divisor of 8283 and 6963.
33
What is the highest common divisor of 14568 and 552?
24
What is the greatest common divisor of 328306 and 22?
22
Calculate the highest common factor of 4613 and 3.
1
What is the highest common divisor of 80 and 775760?
80
Calculate the highest common divisor of 658 and 9541.
329
What is the highest common divisor of 35 and 97489?
7
Calculate the highest common factor of 2151259 and 55.
11
What is the greatest common divisor of 27054 and 4698?
162
Calculate the greatest common factor of 2142 and 4683483.
1071
Calculate the highest common divisor of 754 and 14065.
29
Calculate the highest common factor of 170 and 905.
5
Calculate the highest common factor of 239620 and 60.
20
What is the highest common divisor of 345 and 2115?
15
Calculate the greatest common factor of 3399451 and 473.
473
What is the greatest common divisor of 45 and 835?
5
Calculate the greatest common divisor of 1 and 40789.
1
What is the highest common divisor of 392 and 1715?
49
What is the greatest common divisor of 60 and 13665?
15
What is the greatest common divisor of 20128 and 64787?
629
What is the greatest common divisor of 287861 and 27081?
1003
What is the highest common factor of 33 and 2939926?
11
Calculate the greatest common factor of 315 and 266175.
315
Calculate the greatest common divisor of 39817 and 58.
29
Calculate the greatest common factor of 5601 and 294.
3
Calculate the greatest common factor of 8575 and 45675.
175
Calculate the greatest common factor of 296051 and 7.
7
Calculate the highest common divisor of 54315 and 12425.
355
What is the greatest common divisor of 17495745 and 15?
15
Calculate the greatest common factor of 254 and 434213.
127
Calculate the highest common divisor of 4105 and 5.
5
Calculate the highest common divisor of 486 and 676674.
162
Calculate the highest common factor of 1840 and 13520.
80
What is the highest common factor of 26 and 3778?
2
Calculate the highest common divisor of 76 and 1061986.
38
Calculate the greatest common divisor of 477216 and 1800.
72
What is the highest common divisor of 1523328 and 144?
48
What